-- Table structure for table `rs_wc_rate_limits`
--

CREATE TABLE `rs_wc_rate_limits` (
  `rate_limit_id` bigint(20) UNSIGNED NOT NULL,
  `rate_limit_key` varchar(200) COLLATE utf8mb4_unicode_520_ci NOT NULL,
  `rate_limit_expiry` bigint(20) UNSIGNED NOT NULL,
  `rate_limit_remaining` smallint(10) NOT NULL DEFAULT '0'
) ENGINE=MyISAM DEFAULT CHARSET=utf8mb4 COLLATE=utf8mb4_unicode_520_ci;

-- --------------------------------------------------------

--
-- Table structure for table `rs_wc_reserved_stock`
--

CREATE TABLE `rs_wc_reserved_stock` (
  `order_id` bigint(20) NOT NULL,
  `product_id` bigint(20) NOT NULL,
  `stock_quantity` double NOT NULL DEFAULT '0',
  `timestamp` datetime NOT NULL DEFAULT '0000-00-00 00:00:00',
  `expires` datetime NOT NULL DEFAULT '0000-00-00 00:00:00'
) ENGINE=MyISAM DEFAULT CHARSET=utf8mb4 COLLATE=utf8mb4_unicode_520_ci;

-- --------------------------------------------------------

--
-- Table structure for table `rs_wc_tax_rate_classes`
--

CREATE TABLE `rs_wc_tax_rate_classes` (
  `tax_rate_class_id` bigint(20) UNSIGNED NOT NULL,
  `name` varchar(200) COLLATE utf8mb4_unicode_ci NOT NULL DEFAULT '',
  `slug` varchar(200) COLLATE utf8mb4_unicode_ci NOT NULL DEFAULT ''
) ENGINE=InnoDB DEFAULT CHARSET=utf8mb4 COLLATE=utf8mb4_unicode_ci;

--
-- Dumping data for table `rs_wc_tax_rate_classes`
--

INSERT INTO `rs_wc_tax_rate_classes` (`tax_rate_class_id`, `name`, `slug`) VALUES
(1, 'Reduced rate', 'reduced-rate'),
(2, 'Zero rate', 'zero-rate');

-- --------------------------------------------------------

--
-- Table structure for table `rs_wc_webhooks`
--

CREATE TABLE `rs_wc_webhooks` (
  `webhook_id` bigint(20) UNSIGNED NOT NULL,
  `status` varchar(200) COLLATE utf8mb4_unicode_ci NOT NULL,
  `name` text COLLATE utf8mb4_unicode_ci NOT NULL,
  `user_id` bigint(20) UNSIGNED NOT NULL,
  `delivery_url` text COLLATE utf8mb4_unicode_ci NOT NULL,
  `secret` text COLLATE utf8mb4_unicode_ci NOT NULL,
  `topic` varchar(200) COLLATE utf8mb4_unicode_ci NOT NULL,
  `date_created` datetime NOT NULL DEFAULT '0000-00-00 00:00:00',
  `date_created_gmt` datetime NOT NULL DEFAULT '0000-00-00 00:00:00',
  `date_modified` datetime NOT NULL DEFAULT '0000-00-00 00:00:00',
  `date_modified_gmt` datetime NOT NULL DEFAULT '0000-00-00 00:00:00',
  `api_version` smallint(4) NOT NULL,
  `failure_count` smallint(10) NOT NULL DEFAULT '0',
  `pending_delivery` tinyint(1) NOT NULL DEFAULT '0'
) ENGINE=InnoDB DEFAULT CHARSET=utf8mb4 COLLATE=utf8mb4_unicode_ci;

-- --------------------------------------------------------

--
-- Table structure for table `rs_wfblockediplog`
--

CREATE TABLE `rs_wfblockediplog` (
  `IP` binary(16) NOT NULL DEFAULT '\0\0\0\0\0\0\0\0\0\0\0\0\0\0\0\0',
  `countryCode` varchar(2) NOT NULL,
  `blockCount` int(10) UNSIGNED NOT NULL DEFAULT '0',
  `unixday` int(10) UNSIGNED NOT NULL,
  `blockType` varchar(50) NOT NULL DEFAULT 'generic'
) ENGINE=MyISAM DEFAULT CHARSET=utf8;

--
-- Dumping data for table `rs_wfblockediplog`
--

INSERT INTO `rs_wfblockediplog` (`IP`, `countryCode`, `blockCount`, `unixday`, `blockType`) VALUES
(0x00000000000000000000ffff08db33b7, 'SG', 1, 19799, 'brute'),
(0x00000000000000000000ffffa5e86638, 'GB', 1, 19799, 'brute'),
(0x00000000000000000000ffff2b81b99a, 'HK', 1, 19799, 'brute'),
(0x00000000000000000000ffff23ccac0c, 'NL', 1, 19799, 'brute'),
(0x00000000000000000000ffff8b3b1b3b, 'IN', 1, 19799, 'brute'),
(0x00000000000000000000ffff877d0109, 'FR', 1, 19799, 'brute'),
(0x00000000000000000000ffff010dfd35, 'CN', 1, 19799, 'brute'),
(0x00000000000000000000ffffc39a1290, 'FR', 1, 19799, 'brute'),
(0x00000000000000000000ffff334b5b20, 'DE', 1, 19799, 'brute'),
(0x00000000000000000000ffff3e015132, 'GR', 1, 19799, 'brute'),
(0x00000000000000000000ffff14cc293e, 'IN', 1, 19799, 'brute'),
(0x00000000000000000000ffff9448d0c1, 'SG', 1, 19799, 'brute'),
(0x00000000000000000000ffff145c8a39, 'AU', 1, 19799, 'brute'),
(0x00000000000000000000ffffa1619688, 'DE', 1, 19799, 'brute'),
(0x00000000000000000000ffffcdb97d6d, 'US', 1, 19799, 'brute'),
(0x00000000000000000000ffff6a337f46, 'IN', 1, 19799, 'brute'),
(0x00000000000000000000ffffdefc1f62, 'VN', 1, 19799, 'brute'),
(0x00000000000000000000ffff2d51e814, 'DE', 1, 19799, 'brute'),
(0x00000000000000000000ffff976a26a6, 'FR', 1, 19799, 'brute'),
(0x00000000000000000000ffff6778f29e, 'VN', 1, 19799, 'brute'),
(0x00000000000000000000ffff33532a32, 'FR', 1, 19800, 'brute'),
(0x00000000000000000000ffff8a80f554, 'US', 2, 19800, 'brute'),
(0x00000000000000000000ffff9df5ca08, 'SG', 1, 19800, 'brute'),
(0x00000000000000000000ffffa123ece4, 'US', 1, 19800, 'brute'),
(0x00000000000000000000ffff678e1a20, 'VN', 1, 19800, 'brute'),
(0x00000000000000000000ffff92bed9b9, 'US', 1, 19800, 'brute'),
(0x00000000000000000000ffff33b288a4, 'FR', 2, 19800, 'brute'),
(0x00000000000000000000ffff9448d0c1, 'SG', 1, 19800, 'brute'),
(0x00000000000000000000ffff2ff432f3, 'HK', 1, 19800, 'brute'),
(0x00000000000000000000ffffa32cc5ad, 'TH', 1, 19800, 'brute'),
(0x00000000000000000000ffffb8a81f24, 'US', 2, 19800, 'brute'),
(0x00000000000000000000ffff5ccd134a, 'FR', 2, 19800, 'brute'),
(0x00000000000000000000ffff33c32a30, 'FR', 1, 19800, 'brute'),
(0x00000000000000000000ffff5146f8a9, 'CN', 1, 19800, 'brute'),
(0x00000000000000000000ffffdefc1f62, 'VN', 1, 19800, 'brute'),
(0x00000000000000000000ffffb89a9c06, 'US', 1, 19800, 'brute'),
(0x00000000000000000000ffff86d1d418, 'US', 1, 19800, 'brute'),
(0x00000000000000000000ffff2e691d15, 'FR', 1, 19800, 'brute'),
(0x00000000000000000000ffff771c4e36, 'HK', 1, 19800, 'brute'),
(0x00000000000000000000ffff944282c3, 'SG', 1, 19800, 'brute'),
(0x00000000000000000000ffffa29087af, 'US', 1, 19800, 'brute'),
(0x00000000000000000000ffff5bdbc316, 'RU', 1, 19800, 'brute'),
(0x00000000000000000000ffffdeffd602, 'VN', 1, 19800, 'brute'),
(0x00000000000000000000ffff5b79a85b, 'FR', 1, 19800, 'brute'),
(0x00000000000000000000ffff2d212cd1, 'US', 1, 19800, 'brute'),
(0x00000000000000000000ffffb280bbb7, 'US', 1, 19800, 'brute'),
(0x00000000000000000000ffff8bff15eb, 'ID', 2, 19800, 'brute'),
(0x00000000000000000000ffff6bbd0817, 'LU', 1, 19800, 'brute'),
(0x00000000000000000000ffff2d4fd196, 'US', 1, 19800, 'brute'),
(0x00000000000000000000ffffb2807fb3, 'SG', 1, 19800, 'brute'),
(0x00000000000000000000ffffaf7ee896, 'KR', 1, 19800, 'brute'),
(0x00000000000000000000ffffca5f09f9, 'SG', 1, 19800, 'brute'),
(0x00000000000000000000ffffc2e9423c, 'SG', 1, 19800, 'brute'),
(0x00000000000000000000ffffb912c56e, 'ES', 1, 19800, 'brute'),
(0x00000000000000000000ffffd889bbdb, 'US', 1, 19800, 'brute'),
(0x00000000000000000000ffffb23e7ed0, 'GB', 1, 19800, 'brute'),
(0x00000000000000000000ffffa7476f67, 'US', 1, 19800, 'brute'),
(0x00000000000000000000ffff85826724, 'JP', 1, 19800, 'brute'),
(0x00000000000000000000ffff6bbd0ce8, 'LU', 1, 19800, 'brute'),
(0x00000000000000000000ffff8ff48bf2, 'IN', 1, 19800, 'brute'),
(0x00000000000000000000ffffb8a87c2b, 'SG', 1, 19800, 'brute'),
(0x00000000000000000000ffff23f56010, 'US', 1, 19800, 'brute'),
(0x00000000000000000000ffff44b2a498, 'IN', 1, 19800, 'brute'),
(0x00000000000000000000ffff2769cd75, 'CN', 1, 19800, 'brute'),
(0x00000000000000000000ffff08d9d15c, 'HK', 1, 19800, 'brute'),
(0x00000000000000000000ffffa484e015, 'FR', 1, 19800, 'brute'),
(0x00000000000000000000ffffb2ecf63c, 'PL', 1, 19800, 'brute'),
(0x00000000000000000000ffff6765a2a0, 'VN', 1, 19800, 'brute'),
(0x00000000000000000000ffff28490476, 'CN', 1, 19800, 'brute'),
(0x00000000000000000000ffff2d3dbbc3, 'US', 1, 19800, 'brute'),
(0x00000000000000000000ffff8b3be898, 'SG', 1, 19800, 'brute'),
(0x00000000000000000000ffff5ef5697f, 'IE', 1, 19800, 'brute'),
(0x00000000000000000000ffff679d1bc5, 'ID', 1, 19800, 'brute'),
(0x00000000000000000000ffff31eb518f, 'CN', 1, 19800, 'brute'),
(0x00000000000000000000ffff010dfd35, 'CN', 1, 19800, 'brute'),
(0x00000000000000000000ffff3100cb0f, 'SG', 1, 19800, 'brute'),
(0x00000000000000000000ffff42b54855, 'US', 1, 19800, 'brute'),
(0x00000000000000000000ffff955b7adf, 'ES', 1, 19800, 'brute'),
(0x00000000000000000000ffff6badfbbb, 'US', 1, 19800, 'brute'),
(0x00000000000000000000ffff14562ac6, 'NL', 1, 19800, 'brute'),
(0x00000000000000000000ffff90d9525c, 'CA', 1, 19800, 'brute'),
(0x00000000000000000000ffffa2f1c92a, 'US', 1, 19800, 'brute'),
(0x00000000000000000000ffffbca601a3, 'NL', 1, 19800, 'brute'),
(0x00000000000000000000ffff334b5b20, 'DE', 1, 19800, 'brute'),
(0x00000000000000000000ffff6bbd01e4, 'LU', 1, 19800, 'brute'),
(0x00000000000000000000ffff78196878, 'CN', 1, 19800, 'brute'),
(0x00000000000000000000ffff6883b115, 'US', 1, 19800, 'brute');

-- --------------------------------------------------------

--
-- Table structure for table `rs_wfblocks7`
--

CREATE TABLE `rs_wfblocks7` (
  `id` bigint(20) UNSIGNED NOT NULL,
  `type` int(10) UNSIGNED NOT NULL DEFAULT '0',
  `IP` binary(16) NOT NULL DEFAULT '\0\0\0\0\0\0\0\0\0\0\0\0\0\0\0\0',
  `blockedTime` bigint(20) NOT NULL,
  `reason` varchar(255) NOT NULL,
  `lastAttempt` int(10) UNSIGNED DEFAULT '0',
  `blockedHits` int(10) UNSIGNED DEFAULT '0',
  `expiration` bigint(20) UNSIGNED NOT NULL DEFAULT '0',
  `parameters` text
) ENGINE=MyISAM DEFAULT CHARSET=utf8;

--
-- Dumping data for table `rs_wfblocks7`
--

INSERT INTO `rs_wfblocks7` (`id`, `type`, `IP`, `blockedTime`, `reason`, `lastAttempt`, `blockedHits`, `expiration`, `parameters`) VALUES
(1, 2, 0x00000000000000000000ffff08db33b7, 1710710707, 'Blocked by Wordfence Security Network', 1710710707, 1, 1710711307, NULL),
(2, 2, 0x00000000000000000000ffffa5e86638, 1710710778, 'Blocked by Wordfence Security Network', 1710710778, 1, 1710711378, NULL),
(3, 2, 0x00000000000000000000ffff2b81b99a, 1710710911, 'Blocked by Wordfence Security Network', 1710710911, 1, 1710711511, NULL),
(4, 2, 0x00000000000000000000ffff23ccac0c, 1710710950, 'Blocked by Wordfence Security Network', 1710710950, 1, 1710711550, NULL),
(5, 2, 0x00000000000000000000ffff8b3b1b3b, 1710711187, 'Blocked by Wordfence Security Network', 1710711187, 1, 1710711787, NULL),
(6, 2, 0x00000000000000000000ffff877d0109, 1710711189, 'Blocked by Wordfence Security Network', 1710711189, 1, 1710711789, NULL),
(7, 2, 0x00000000000000000000ffff010dfd35, 1710711470, 'Blocked by Wordfence Security Network', 1710711470, 1, 1710712070, NULL),
(8, 2, 0x00000000000000000000ffffc39a1290, 1710711638, 'Blocked by Wordfence Security Network', 1710711638, 1, 1710712238, NULL),
(9, 2, 0x00000000000000000000ffff334b5b20, 1710712032, 'Blocked by Wordfence Security Network', 1710712032, 1, 1710712632, NULL),
(10, 2, 0x00000000000000000000ffff3e015132, 1710712919, 'Blocked by Wordfence Security Network', 1710712919, 1, 1710713519, NULL),
(11, 2, 0x00000000000000000000ffff14cc293e, 1710712955, 'Blocked by Wordfence Security Network', 1710712955, 1, 1710713555, NULL),
(12, 2, 0x00000000000000000000ffff9448d0c1, 1710713107, 'Blocked by Wordfence Security Network', 1710713107, 1, 1710713707, NULL),
(13, 2, 0x00000000000000000000ffff145c8a39, 1710714383, 'Blocked by Wordfence Security Network', 1710714383, 1, 1710714983, NULL),
(14, 2, 0x00000000000000000000ffffa1619688, 1710714480, 'Blocked by Wordfence Security Network', 1710714480, 1, 1710715080, NULL),
(15, 2, 0x00000000000000000000ffffcdb97d6d, 1710715068, 'Blocked by Wordfence Security Network', 1710715068, 1, 1710715668, NULL),
(16, 2, 0x00000000000000000000ffff6a337f46, 1710715274, 'Blocked by Wordfence Security Network', 1710715274, 1, 1710715874, NULL),
(17, 2, 0x00000000000000000000ffffdefc1f62, 1710715399, 'Blocked by Wordfence Security Network', 1710715399, 1, 1710715999, NULL),
(18, 2, 0x00000000000000000000ffff2d51e814, 1710715427, 'Blocked by Wordfence Security Network', 1710715427, 1, 1710716027, NULL),
(19, 2, 0x00000000000000000000ffff976a26a6, 1710715579, 'Blocked by Wordfence Security Network', 1710715579, 1, 1710716179, NULL),
(20, 2, 0x00000000000000000000ffff6778f29e, 1710715705, 'Blocked by Wordfence Security Network', 1710715705, 1, 1710716305, NULL),
(21, 2, 0x00000000000000000000ffff33532a32, 1710721529, 'Blocked by Wordfence Security Network', 1710721529, 1, 1710722129, NULL),
(22, 2, 0x00000000000000000000ffff8a80f554, 1710721832, 'Blocked by Wordfence Security Network', 1710721832, 1, 1710722432, NULL),
(23, 2, 0x00000000000000000000ffff9df5ca08, 1710721930, 'Blocked by Wordfence Security Network', 1710721930, 1, 1710722530, NULL),
(24, 2, 0x00000000000000000000ffffa123ece4, 1710722821, 'Blocked by Wordfence Security Network', 1710722821, 1, 1710723421, NULL),
(25, 2, 0x00000000000000000000ffff678e1a20, 1710722849, 'Blocked by Wordfence Security Network', 1710722849, 1, 1710723449, NULL),
(26, 2, 0x00000000000000000000ffff92bed9b9, 1710722997, 'Blocked by Wordfence Security Network', 1710722997, 1, 1710723597, NULL),
(27, 2, 0x00000000000000000000ffff33b288a4, 1710723052, 'Blocked by Wordfence Security Network', 1710723052, 1, 1710723652, NULL),
(28, 2, 0x00000000000000000000ffff9448d0c1, 1710723123, 'Blocked by Wordfence Security Network', 1710723123, 1, 1710723723, NULL),
(29, 2, 0x00000000000000000000ffff2ff432f3, 1710723292, 'Blocked by Wordfence Security Network', 1710723292, 1, 1710723892, NULL),
(30, 2, 0x00000000000000000000ffffa32cc5ad, 1710723531, 'Blocked by Wordfence Security Network', 1710723531, 1, 1710724131, NULL),
(31, 2, 0x00000000000000000000ffffb8a81f24, 1710723814, 'Blocked by Wordfence Security Network', 1710723814, 1, 1710724414, NULL),
(32, 2, 0x00000000000000000000ffff5ccd134a, 1710723981, 'Blocked by Wordfence Security Network', 1710723981, 1, 1710724581, NULL),
(33, 2, 0x00000000000000000000ffff33c32a30, 1710724286, 'Blocked by Wordfence Security Network', 1710724286, 1, 1710724886, NULL),
(34, 2, 0x00000000000000000000ffffb8a81f24, 1710725147, 'Blocked by Wordfence Security Network', 1710725147, 1, 1710725747, NULL),
(35, 2, 0x00000000000000000000ffff5146f8a9, 1710725268, 'Blocked by Wordfence Security Network', 1710725268, 1, 1710725868, NULL),
(36, 2, 0x00000000000000000000ffffdefc1f62, 1710725308, 'Blocked by Wordfence Security Network', 1710725308, 1, 1710725908, NULL),
(37, 2, 0x00000000000000000000ffffb89a9c06, 1710725452, 'Blocked by Wordfence Security Network', 1710725452, 1, 1710726052, NULL),
(38, 2, 0x00000000000000000000ffff86d1d418, 1710725507, 'Blocked by Wordfence Security Network', 1710725507, 1, 1710726107, NULL),
(39, 2, 0x00000000000000000000ffff2e691d15, 1710725713, 'Blocked by Wordfence Security Network', 1710725713, 1, 1710726313, NULL),
(40, 2, 0x00000000000000000000ffff771c4e36, 1710725760, 'Blocked by Wordfence Security Network', 1710725760, 1, 1710726360, NULL),
(41, 2, 0x00000000000000000000ffff944282c3, 1710725994, 'Blocked by Wordfence Security Network', 1710725994, 1, 1710726594, NULL),
(42, 2, 0x00000000000000000000ffffa29087af, 1710726275, 'Blocked by Wordfence Security Network', 1710726275, 1, 1710726875, NULL),
(43, 2, 0x00000000000000000000ffff5bdbc316, 1710726442, 'Blocked by Wordfence Security Network', 1710726442, 1, 1710727042, NULL),
(44, 2, 0x00000000000000000000ffffdeffd602, 1710726749, 'Blocked by Wordfence Security Network', 1710726749, 1, 1710727349, NULL),
(45, 2, 0x00000000000000000000ffff5b79a85b, 1710726847, 'Blocked by Wordfence Security Network', 1710726847, 1, 1710727447, NULL),
(46, 2, 0x00000000000000000000ffff2d212cd1, 1710727630, 'Blocked by Wordfence Security Network', 1710727630, 1, 1710728230, NULL),
(47, 2, 0x00000000000000000000ffffb280bbb7, 1710727753, 'Blocked by Wordfence Security Network', 1710727753, 1, 1710728353, NULL),
(48, 2, 0x00000000000000000000ffff8bff15eb, 1710727790, 'Blocked by Wordfence Security Network', 1710727790, 1, 1710728390, NULL),
(49, 2, 0x00000000000000000000ffff6bbd0817, 1710727817, 'Blocked by Wordfence Security Network', 1710727834, 2, 1710728417, NULL),
(50, 2, 0x00000000000000000000ffff2d4fd196, 1710727940, 'Blocked by Wordfence Security Network', 1710727940, 1, 1710728540, NULL),
(51, 2, 0x00000000000000000000ffffb2807fb3, 1710727997, 'Blocked by Wordfence Security Network', 1710727997, 1, 1710728597, NULL),
(52, 2, 0x00000000000000000000ffffaf7ee896, 1710728070, 'Blocked by Wordfence Security Network', 1710728070, 1, 1710728670, NULL),
(53, 2, 0x00000000000000000000ffffca5f09f9, 1710728204, 'Blocked by Wordfence Security Network', 1710728204, 1, 1710728804, NULL),
(54, 2, 0x00000000000000000000ffffc2e9423c, 1710728484, 'Blocked by Wordfence Security Network', 1710728484, 1, 1710729084, NULL),
(55, 2, 0x00000000000000000000ffffb912c56e, 1710728766, 'Blocked by Wordfence Security Network', 1710728766, 1, 1710729366, NULL),
(56, 2, 0x00000000000000000000ffffd889bbdb, 1710728899, 'Blocked by Wordfence Security Network', 1710728899, 1, 1710729499, NULL),
(57, 2, 0x00000000000000000000ffffb23e7ed0, 1710728935, 'Blocked by Wordfence Security Network', 1710728935, 1, 1710729535, NULL),
(58, 2, 0x00000000000000000000ffffa7476f67, 1710729240, 'Blocked by Wordfence Security Network', 1710729240, 1, 1710729840, NULL),
(59, 2, 0x00000000000000000000ffff85826724, 1710729339, 'Blocked by Wordfence Security Network', 1710729339, 1, 1710729939, NULL),
(60, 2, 0x00000000000000000000ffff6bbd0ce8, 1710729684, 'Blocked by Wordfence Security Network', 1710729688, 2, 1710730284, NULL),
(61, 2, 0x00000000000000000000ffff5ccd134a, 1710730108, 'Blocked by Wordfence Security Network', 1710730108, 1, 1710730708, NULL),
(62, 2, 0x00000000000000000000ffff8ff48bf2, 1710730235, 'Blocked by Wordfence Security Network', 1710730235, 1, 1710730835, NULL),
(63, 2, 0x00000000000000000000ffffb8a87c2b, 1710730265, 'Blocked by Wordfence Security Network', 1710730265, 1, 1710730865, NULL),
(64, 2, 0x00000000000000000000ffff23f56010, 1710730415, 'Blocked by Wordfence Security Network', 1710730415, 1, 1710731015, NULL),
(65, 2, 0x00000000000000000000ffff44b2a498, 1710730472, 'Blocked by Wordfence Security Network', 1710730472, 1, 1710731072, NULL),
(66, 2, 0x00000000000000000000ffff2769cd75, 1710730544, 'Blocked by Wordfence Security Network', 1710730544, 1, 1710731144, NULL),
(67, 2, 0x00000000000000000000ffff08d9d15c, 1710730678, 'Blocked by Wordfence Security Network', 1710730678, 1, 1710731278, NULL),
(68, 2, 0x00000000000000000000ffffa484e015, 1710730717, 'Blocked by Wordfence Security Network', 1710730717, 1, 1710731317, NULL),
(69, 2, 0x00000000000000000000ffffb2ecf63c, 1710730963, 'Blocked by Wordfence Security Network', 1710730963, 1, 1710731563, NULL),
(70, 2, 0x00000000000000000000ffff6765a2a0, 1710731251, 'Blocked by Wordfence Security Network', 1710731251, 1, 1710731851, NULL),
(71, 2, 0x00000000000000000000ffff28490476, 1710731423, 'Blocked by Wordfence Security Network', 1710731423, 1, 1710732023, NULL),
(72, 2, 0x00000000000000000000ffff2d3dbbc3, 1710731697, 'Blocked by Wordfence Security Network', 1710731721, 2, 1710732297, NULL),
(73, 2, 0x00000000000000000000ffff8b3be898, 1710731822, 'Blocked by Wordfence Security Network', 1710731822, 1, 1710732422, NULL),
(74, 2, 0x00000000000000000000ffff5ef5697f, 1710732595, 'Blocked by Wordfence Security Network', 1710732595, 1, 1710733195, NULL),
(75, 2, 0x00000000000000000000ffff8a80f554, 1710732717, 'Blocked by Wordfence Security Network', 1710732717, 1, 1710733317, NULL),
(76, 2, 0x00000000000000000000ffff679d1bc5, 1710732906, 'Blocked by Wordfence Security Network', 1710732906, 1, 1710733506, NULL),
(77, 2, 0x00000000000000000000ffff31eb518f, 1710732961, 'Blocked by Wordfence Security Network', 1710732961, 1, 1710733561, NULL),
(78, 2, 0x00000000000000000000ffff010dfd35, 1710733451, 'Blocked by Wordfence Security Network', 1710733451, 1, 1710734051, NULL),
(79, 2, 0x00000000000000000000ffff3100cb0f, 1710733567, 'Blocked by Wordfence Security Network', 1710733567, 1, 1710734167, NULL),
(80, 2, 0x00000000000000000000ffff42b54855, 1710733734, 'Blocked by Wordfence Security Network', 1710733734, 1, 1710734334, NULL),
(81, 2, 0x00000000000000000000ffff955b7adf, 1710733905, 'Blocked by Wordfence Security Network', 1710733905, 1, 1710734505, NULL),
(82, 2, 0x00000000000000000000ffff8bff15eb, 1710734218, 'Blocked by Wordfence Security Network', 1710734218, 1, 1710734818, NULL),
(83, 2, 0x00000000000000000000ffff6badfbbb, 1710734307, 'Blocked by Wordfence Security Network', 1710734307, 1, 1710734907, NULL),
(84, 2, 0x00000000000000000000ffff14562ac6, 1710763242, 'Blocked by Wordfence Security Network', 1710763242, 1, 1710763842, NULL),
(85, 2, 0x00000000000000000000ffff90d9525c, 1710763318, 'Blocked by Wordfence Security Network', 1710763318, 1, 1710763918, NULL),
(86, 2, 0x00000000000000000000ffff33b288a4, 1710763458, 'Blocked by Wordfence Security Network', 1710763458, 1, 1710764058, NULL),
(87, 2, 0x00000000000000000000ffffa2f1c92a, 1710763499, 'Blocked by Wordfence Security Network', 1710763499, 1, 1710764099, NULL),
(88, 2, 0x00000000000000000000ffffbca601a3, 1710764042, 'Blocked by Wordfence Security Network', 1710764042, 1, 1710764642, NULL),
(89, 2, 0x00000000000000000000ffff334b5b20, 1710764212, 'Blocked by Wordfence Security Network', 1710764212, 1, 1710764812, NULL),
(90, 2, 0x00000000000000000000ffff6bbd01e4, 1710764229, 'Blocked by Wordfence Security Network', 1710764244, 2, 1710764829, NULL),
(91, 2, 0x00000000000000000000ffff78196878, 1710766000, 'Blocked by Wordfence Security Network', 1710766000, 1, 1710766600, NULL),
(92, 2, 0x00000000000000000000ffff6883b115, 1710766038, 'Blocked by Wordfence Security Network', 1710766038, 1, 1710766638, NULL);

-- --------------------------------------------------------

--
-- Table structure for table `rs_wfconfig`
--

CREATE TABLE `rs_wfconfig` (
  `name` varchar(100) NOT NULL,
  `val` longblob,
  `autoload` enum('no','yes') NOT NULL DEFAULT 'yes'
) ENGINE=MyISAM DEFAULT CHARSET=utf8;

--
-- Dumping data for table `rs_wfconfig`
--

INSERT INTO `rs_wfconfig` (`name`, `val`, `autoload`) VALUES
('alertOn_update', 0x30, 'yes'),
('alertOn_scanIssues', 0x31, 'yes'),
('alertOn_throttle', 0x30, 'yes'),
('alertOn_block', 0x31, 'yes'),
('alertOn_loginLockout', 0x31, 'yes'),
('alertOn_breachLogin', 0x31, 'yes'),
('alertOn_lostPasswdForm', 0x31, 'yes'),
('alertOn_adminLogin', 0x31, 'yes'),
('alertOn_firstAdminLoginOnly', 0x30, 'yes'),
('alertOn_nonAdminLogin', 0x30, 'yes'),
('alertOn_firstNonAdminLoginOnly', 0x30, 'yes'),
('alertOn_wordfenceDeactivated', 0x31, 'yes'),
('alertOn_wafDeactivated', 0x31, 'yes'),
('liveTrafficEnabled', 0x30, 'yes'),
('advancedCommentScanning', 0x31, 'yes'),
('checkSpamIP', 0x31, 'yes'),
('spamvertizeCheck', 0x31, 'yes'),
('liveTraf_ignorePublishers', 0x31, 'yes'),
('liveTraf_displayExpandedRecords', 0x30, 'no'),
('scheduledScansEnabled', 0x31, 'yes'),
('lowResourceScansEnabled', 0x30, 'yes'),
('scansEnabled_checkGSB', 0x31, 'yes'),
('scansEnabled_checkHowGetIPs', 0x31, 'yes'),
('scansEnabled_core', 0x31, 'yes'),
('scansEnabled_themes', 0x30, 'yes'),
('scansEnabled_plugins', 0x30, 'yes'),
('scansEnabled_coreUnknown', 0x31, 'yes'),
('scansEnabled_malware', 0x31, 'yes'),
('scansEnabled_fileContents', 0x31, 'yes'),
('scansEnabled_fileContentsGSB', 0x31, 'yes'),
('scansEnabled_checkReadableConfig', 0x31, 'yes'),
('scansEnabled_suspectedFiles', 0x31, 'yes'),
('scansEnabled_posts', 0x31, 'yes'),
('scansEnabled_comments', 0x31, 'yes'),
('scansEnabled_suspiciousOptions', 0x31, 'yes'),
('scansEnabled_passwds', 0x31, 'yes'),
('scansEnabled_diskSpace', 0x31, 'yes'),
('scansEnabled_wafStatus', 0x31, 'yes'),
('scansEnabled_options', 0x31, 'yes'),
('scansEnabled_wpscan_fullPathDisclosure', 0x31, 'yes'),
('scansEnabled_wpscan_directoryListingEnabled', 0x31, 'yes'),
('scansEnabled_scanImages', 0x30, 'yes'),
('scansEnabled_highSense', 0x30, 'yes'),
('scansEnabled_oldVersions', 0x31, 'yes'),
('scansEnabled_suspiciousAdminUsers', 0x31, 'yes'),
('scan_force_ipv4_start', 0x30, 'yes'),
('liveActivityPauseEnabled', 0x31, 'yes'),
('firewallEnabled', 0x31, 'yes'),
('autoBlockScanners', 0x31, 'yes'),
('loginSecurityEnabled', 0x31, 'yes'),
('loginSec_strongPasswds_enabled', 0x31, 'yes'),
('loginSec_breachPasswds_enabled', 0x31, 'yes'),
('loginSec_lockInvalidUsers', 0x30, 'yes'),
('loginSec_maskLoginErrors', 0x31, 'yes'),
('loginSec_blockAdminReg', 0x31, 'yes'),
('loginSec_disableAuthorScan', 0x31, 'yes'),
('loginSec_disableApplicationPasswords', 0x31, 'yes'),
('loginSec_disableOEmbedAuthor', 0x30, 'yes'),
('loginSec_requireAdminTwoFactor', 0x30, 'yes'),
('notification_updatesNeeded', 0x31, 'yes'),
('notification_securityAlerts', 0x31, 'yes'),
('notification_promotions', 0x31, 'yes'),
('notification_blogHighlights', 0x31, 'yes'),
('notification_productUpdates', 0x31, 'yes'),
('notification_scanStatus', 0x31, 'yes'),
('enableRemoteIpLookup', 0x31, 'yes'),
('other_hideWPVersion', 0x30, 'yes'),
('other_blockBadPOST', 0x30, 'yes'),
('other_scanComments', 0x31, 'yes'),
('other_pwStrengthOnUpdate', 0x31, 'yes'),
('other_WFNet', 0x31, 'yes'),
('other_scanOutside', 0x30, 'yes'),
('other_bypassLitespeedNoabort', 0x30, 'yes'),
('deleteTablesOnDeact', 0x30, 'yes'),
('autoUpdate', 0x30, 'yes'),
('startScansRemotely', 0x30, 'yes'),
('disableConfigCaching', 0x30, 'yes'),
('addCacheComment', 0x30, 'yes'),
('disableCodeExecutionUploads', 0x30, 'yes'),
('allowHTTPSCaching', 0x30, 'yes'),
('debugOn', 0x30, 'yes'),
('email_summary_enabled', 0x31, 'yes'),
('email_summary_dashboard_widget_enabled', 0x31, 'yes'),
('ssl_verify', 0x31, 'yes'),
('ajaxWatcherDisabled_front', 0x30, 'yes'),
('ajaxWatcherDisabled_admin', 0x30, 'yes'),
('wafAlertOnAttacks', 0x31, 'yes'),
('disableWAFIPBlocking', 0x30, 'yes'),
('showAdminBarMenu', 0x31, 'yes'),
('displayTopLevelOptions', 0x31, 'yes'),
('displayTopLevelBlocking', 0x30, 'yes'),
('displayTopLevelLiveTraffic', 0x30, 'yes'),
('displayAutomaticBlocks', 0x31, 'yes'),
('allowLegacy2FA', 0x30, 'yes'),
('wordfenceI18n', 0x31, 'yes'),
('scan_include_extra', '', 'yes'),
('alertEmails', 0x61646d696e407674676d6f62696c652e636f6d, 'yes'),
('liveTraf_ignoreUsers', '', 'yes'),
('liveTraf_ignoreIPs', '', 'yes'),
('liveTraf_ignoreUA', '', 'yes'),
('maxMem', 0x323536, 'yes'),
('scan_exclude', '', 'yes'),
('scan_maxIssues', 0x31303030, 'yes'),
('scan_maxDuration', '', 'yes'),
('scan_max_resume_attempts', 0x32, 'yes'),
('whitelisted', '', 'yes'),
('whitelistedServices', 0x7b7d, 'yes'),
('bannedURLs', '', 'yes'),
('maxExecutionTime', 0x30, 'yes'),
('howGetIPs', '', 'yes'),
('actUpdateInterval', 0x32, 'yes'),
('alert_maxHourly', 0x30, 'yes'),
('loginSec_userBlacklist', '', 'yes'),
('liveTraf_maxRows', 0x32303030, 'yes'),
('liveTraf_maxAge', 0x3330, 'yes'),
('neverBlockBG', 0x6e65766572426c6f636b5665726966696564, 'yes'),
('loginSec_countFailMins', 0x323430, 'yes'),
('loginSec_lockoutMins', 0x323430, 'yes'),
('loginSec_strongPasswds', 0x70756273, 'yes'),
('loginSec_breachPasswds', 0x61646d696e73, 'yes'),
('loginSec_maxFailures', 0x3230, 'yes'),
('loginSec_maxForgotPasswd', 0x3230, 'yes'),
('maxGlobalRequests', 0x44495341424c4544, 'yes'),
('maxGlobalRequests_action', 0x7468726f74746c65, 'yes'),
('maxRequestsCrawlers', 0x44495341424c4544, 'yes'),
('maxRequestsCrawlers_action', 0x7468726f74746c65, 'yes'),
('maxRequestsHumans', 0x44495341424c4544, 'yes'),
('maxRequestsHumans_action', 0x7468726f74746c65, 'yes'),
('max404Crawlers', 0x44495341424c4544, 'yes'),
('max404Crawlers_action', 0x7468726f74746c65, 'yes'),
('max404Humans', 0x44495341424c4544, 'yes'),
('max404Humans_action', 0x7468726f74746c65, 'yes'),
('blockedTime', 0x333030, 'yes'),
('email_summary_interval', 0x7765656b6c79, 'yes'),
('email_summary_excluded_directories', 0x77702d636f6e74656e742f63616368652c77702d636f6e74656e742f77666c6f6773, 'yes'),
('allowed404s', 0x2f66617669636f6e2e69636f0a2f6170706c652d746f7563682d69636f6e2a2e706e670a2f2a4032782e706e670a2f62726f77736572636f6e6669672e786d6c, 'yes'),
('wafAlertWhitelist', '', 'yes'),
('wafAlertInterval', 0x363030, 'yes'),
('wafAlertThreshold', 0x313030, 'yes'),
('howGetIPs_trusted_proxies', '', 'yes'),
('howGetIPs_trusted_proxy_preset', '', 'yes'),
('scanType', 0x7374616e64617264, 'yes'),
('manualScanType', 0x6f6e63654461696c79, 'yes'),
('schedStartHour', 0x3132, 'yes'),
('schedMode', 0x6175746f, 'yes'),
('cbl_loggedInBlocked', '', 'yes'),
('cbl_action', 0x626c6f636b, 'yes'),
('cbl_redirURL', '', 'yes'),
('cbl_bypassRedirURL', '', 'yes'),
('cbl_bypassRedirDest', '', 'yes'),
('cbl_bypassViewURL', '', 'yes'),
('loginSec_enableSeparateTwoFactor', '', 'yes'),
('blockCustomText', '', 'yes'),
('alertOn_severityLevel', 0x3235, 'yes'),
('apiKey', 0x3836373537306362383832313038626664653565623435653430353632636166396363343439306462346338656333393164623365383431376533626235313430616163323264653338356336336563626133643033666165366234663633346263393062613637356265613333623136666265656464643734316237393561, 'yes'),
('keyType', 0x66726565, 'yes'),
('isPaid', '', 'yes'),
('hasKeyConflict', 0x30, 'yes'),
('timeoffset_wf_updated', 0x31373130373634303337, 'yes'),
('cacheType', 0x64697361626c6564, 'yes'),
('detectProxyRecommendation', 0x4445464552524544, 'no'),
('dismissAutoPrependNotice', 0x31, 'yes'),
('onboardingAttempt1', 0x736b6970706564, 'yes'),
('onboardingAttempt2', '', 'no'),
('onboardingAttempt3', '', 'no'),
('onboardingAttempt3Initial', 0x30, 'yes'),
('onboardingDelayedAt', 0x30, 'yes'),
('needsNewTour_dashboard', 0x30, 'yes'),
('needsNewTour_firewall', 0x31, 'yes'),
('needsNewTour_scan', 0x30, 'yes'),
('needsNewTour_blocking', 0x31, 'yes'),
('needsNewTour_livetraffic', 0x31, 'yes'),
('needsNewTour_loginsecurity', 0x31, 'yes'),
('needsUpgradeTour_dashboard', 0x30, 'yes'),
('needsUpgradeTour_firewall', 0x30, 'yes'),
('needsUpgradeTour_scan', 0x30, 'yes'),
('needsUpgradeTour_blocking', 0x30, 'yes'),
('needsUpgradeTour_livetraffic', 0x30, 'yes'),
('needsUpgradeTour_loginsecurity', 0x30, 'yes'),
('supportContent', 0x7b7d, 'no'),
('supportHash', '', 'no'),
('whitelistPresets', 0x7b7d, 'no'),
('whitelistHash', '', 'no'),
('touppPromptNeeded', '', 'yes'),
('touppBypassNextCheck', 0x30, 'yes'),
('autoUpdateAttempts', 0x30, 'yes'),
('previousWflogsFileList', 0x5b22636f6e6669672d73796e6365642e706870222c22636f6e6669672d7472616e7369656e742e706870222c2247656f4c697465322d436f756e7472792e6d6d6462222c22636f6e6669672d6c6976657761662e706870222c2274656d706c6174652e706870222c2272756c65732e706870222c2261747461636b2d646174612e706870222c22636f6e6669672e706870222c226970732e706870222c222e6874616363657373225d, 'yes'),
('diagnosticsWflogsRemovalHistory', 0x5b5d, 'no'),
('satisfactionPromptDismissed', 0x30, 'yes'),
('satisfactionPromptInstallDate', 0x31373130373130363233, 'yes'),
('satisfactionPromptOverride', 0x31, 'yes'),
('encKey', 0x30363735353739303666386439313036, 'yes'),
('longEncKey', 0x33393062663063306130363135323430326531346337386338393030373064353133616464653765393733656431383033366134326630623639343262356638, 'yes'),
('cbl_restOfSiteBlocked', 0x31, 'yes'),
('lastBlockAggregation', 0x31373130373130363233, 'yes'),
('allowed404s6116Migration', 0x31, 'yes'),
('migration636_email_summary_excluded_directories', 0x31, 'no'),
('fileContentsGSB6315Migration', 0x31, 'yes'),
('config701Migration', 0x31, 'yes'),
('blocks702Migration', 0x31, 'yes'),
('lastPermissionsTemplateCheck', 0x31373130373633313132, 'yes'),
('scansEnabled_geoipSupport', 0x31, 'yes'),
('config720Migration', 0x31, 'yes'),
('waf_status', 0x6c6561726e696e672d6d6f6465, 'yes'),
('detectProxyNextCheck', 0x31373131333135343233, 'no'),
('detectProxyNonce', 0x35366536333732303564306239313438353339666266343034333265333463393933313934303362666366383665623431616533323038343838333033373831, 'no'),
('allScansScheduled', 0x613a303a7b7d, 'yes'),
('activatingIP', 0x37362e3137312e3138342e313536, 'yes'),
('cbl_cookieVal', 0x36356637356635666366313334, 'yes'),
('serverDNS', 0x313731303731303632353b3330303b3136392e35352e38372e3334, 'yes'),
('wp_home_url', 0x68747470733a2f2f726573746f726174696f6e73747566662e636f6d, 'yes'),
('wp_site_url', 0x68747470733a2f2f726573746f726174696f6e73747566662e636f6d, 'yes'),
('dbVersion', 0x352e372e3434, 'yes'),
('allowMySQLi', 0x31, 'yes'),
('dbTest', 0x613a313a7b733a353a226e6f6e6365223b733a36343a2261376337656161316537653063646131306366626232643434653336373465363662326536366634666533326434363465653264346163663966366237323963223b7d, 'no'),
('timeoffset_wf', 0x30, 'yes'),
('vulnerabilities_plugin', 0x[encoded data, 6408 characters], 'yes'),
('lastNotificationID', 0x37, 'no'),
('wordpressVersion', 0x362e342e33, 'yes'),
('wordpressPluginVersions', 0x613a32333a7b733a32363a22616476616e6365642d637573746f6d2d6669656c64732d70726f223b733a353a22352e382e36223b733a31343a22616a61782d6c6f61642d6d6f7265223b733a353a22372e302e33223b733a31373a2264697361626c652d677574656e62657267223b733a353a22332e312e31223b733a32313a2265706e2d776f6f636f6d6d657263652d6164646f6e223b733a333a22312e30223b733a31373a22666c657869626c652d7368697070696e67223b733a373a22342e32342e3137223b733a31303a22666f726d696461626c65223b733a363a223430302e3034223b733a31343a22666f726d696461626c652d70726f223b733a373a22343030302e3034223b733a353a2268656c6c6f223b733a353a22312e372e32223b733a31373a22656d61696c2d7375627363726962657273223b733a363a22352e372e3134223b733a32333a22726573706f6e736976652d666c6970626f6f6b2d706466223b733a333a22332e31223b733a31333a22706f7075702d6275696c646572223b733a353a22342e322e37223b733a31353a2277706366372d726563617074636861223b733a353a22312e342e35223b733a31393a22726573706f6e736976652d666c6970626f6f6b223b733a353a22322e342e36223b733a31353a2277702d726573746f726174696f6e73223b733a333a22312e30223b733a31313a226a735f636f6d706f736572223b733a353a22362e302e35223b733a31313a22776f6f636f6d6d65726365223b733a353a22382e362e31223b733a33353a22776f6f636f6d6d657263652d7368697073746174696f6e2d696e746567726174696f6e223b733a353a22342e332e39223b733a33373a22776f6f636f6d6d657263652d676174657761792d617574686f72697a652d6e65742d61696d223b733a363a22332e31342e36223b733a32303a22776f6f636f6d6d657263652d7365727669636573223b733a353a22322e352e33223b733a32343a22776f6f636f6d6d657263652d7368697070696e672d757073223b733a363a22332e322e3134223b733a32353a22776f6f636f6d6d657263652d7368697070696e672d75737073223b733a363a22342e342e3139223b733a393a22776f726466656e6365223b733a363a22372e31312e34223b733a31343a226475706c69636174652d706f7374223b733a333a22342e35223b7d, 'yes'),
('wordpressThemeVersions', 0x613a353a7b733a31313a22726573746f726174696f6e223b733a333a22312e34223b733a31363a227477656e74797477656e7479666f7572223b733a333a22312e30223b733a31353a227477656e74797477656e74796f6e65223b733a333a22322e31223b733a31373a227477656e74797477656e74797468726565223b733a333a22312e33223b733a31353a227477656e74797477656e747974776f223b733a333a22312e36223b7d, 'yes'),
('totalLoginHits', 0x313738, 'yes'),
('totalIPsBlocked', 0x3932, 'yes'),
('total503s', 0x3936, 'yes'),
('lastDashboardCheck', 0x31373130373233333931, 'yes'),
('dashboardData', 0x[encoded data, 7666 characters], 'yes'),
('totalScansRun', 0x33, 'yes'),
('wfKillRequested', 0x30, 'no'),
('currentCronKey', '', 'yes'),
('scanMonitorLastAttemptMode', 0x7374616e64617264, 'yes'),
('scanMonitorRemainingResumeAttempts', 0x32, 'yes'),
('scanMonitorLastAttempt', 0x31373130373233363133, 'yes'),
('scanMonitorLastAttemptWasFork', 0x31, 'yes'),
('scanAjaxTestSuccessful', 0x31, 'yes'),
('scanMonitorLastSuccess', 0x31373130373233363136, 'yes'),
('wf_scanRunning', '', 'yes'),
('wf_scanLastStatusTime', 0x30, 'yes'),
('wfPeakMemory', 0x313631353734393132, 'no'),
('wfScanStartVersion', 0x362e342e33, 'yes'),
('lowResourceScanWaitStep', '', 'yes'),
('wfStatusStartMsgs', 0x613a32313a7b693a303b733a303a22223b693a313b733a303a22223b693a323b733a303a22223b693a333b733a303a22223b693a343b733a303a22223b693a353b733a303a22223b693a363b733a303a22223b693a373b733a303a22223b693a383b733a303a22223b693a393b733a303a22223b693a31303b733a303a22223b693a31313b733a303a22223b693a31323b733a303a22223b693a31333b733a303a22223b693a31343b733a303a22223b693a31353b733a303a22223b693a31363b733a303a22223b693a31373b733a303a22223b693a31383b733a303a22223b693a31393b733a303a22223b693a32303b733a303a22223b7d, 'yes'),
('scanStageStatuses', 0x613a31313a7b733a31333a227370616d766572746973696e67223b613a343a7b733a363a22737461747573223b733a373a227072656d69756d223b733a373a2273746172746564223b693a303b733a383a2266696e6973686564223b693a303b733a383a226578706563746564223b693a303b7d733a343a227370616d223b613a343a7b733a363a22737461747573223b733a373a227072656d69756d223b733a373a2273746172746564223b693a303b733a383a2266696e6973686564223b693a303b733a383a226578706563746564223b693a303b7d733a393a22626c61636b6c697374223b613a343a7b733a363a22737461747573223b733a373a227072656d69756d223b733a373a2273746172746564223b693a303b733a383a2266696e6973686564223b693a303b733a383a226578706563746564223b693a303b7d733a363a22736572766572223b613a343a7b733a363a22737461747573223b733a31363a22636f6d706c6574652d7761726e696e67223b733a373a2273746172746564223b693a353b733a383a2266696e6973686564223b693a353b733a383a226578706563746564223b693a353b7d733a373a226368616e676573223b613a343a7b733a363a22737461747573223b733a31363a22636f6d706c6574652d73756363657373223b733a373a2273746172746564223b693a323b733a383a2266696e6973686564223b693a323b733a383a226578706563746564223b693a323b7d733a363a227075626c6963223b613a343a7b733a363a22737461747573223b733a31363a22636f6d706c6574652d73756363657373223b733a373a2273746172746564223b693a323b733a383a2266696e6973686564223b693a323b733a383a226578706563746564223b693a323b7d733a373a226d616c77617265223b613a343a7b733a363a22737461747573223b733a31363a22636f6d706c6574652d73756363657373223b733a373a2273746172746564223b693a323b733a383a2266696e6973686564223b693a323b733a383a226578706563746564223b693a323b7d733a373a22636f6e74656e74223b613a343a7b733a363a22737461747573223b733a31363a22636f6d706c6574652d73756363657373223b733a373a2273746172746564223b693a333b733a383a2266696e6973686564223b693a333b733a383a226578706563746564223b693a333b7d733a383a2270617373776f7264223b613a343a7b733a363a22737461747573223b733a31363a22636f6d706c6574652d73756363657373223b733a373a2273746172746564223b693a313b733a383a2266696e6973686564223b693a313b733a383a226578706563746564223b693a313b7d733a31333a2276756c6e65726162696c697479223b613a343a7b733a363a22737461747573223b733a31363a22636f6d706c6574652d7761726e696e67223b733a373a2273746172746564223b693a313b733a383a2266696e6973686564223b693a313b733a383a226578706563746564223b693a313b7d733a373a226f7074696f6e73223b613a343a7b733a363a22737461747573223b733a31363a22636f6d706c6574652d73756363657373223b733a373a2273746172746564223b693a323b733a383a2266696e6973686564223b693a323b733a383a226578706563746564223b693a323b7d7d, 'no'),
('wf_summaryItems', 0x613a383a7b733a31323a227363616e6e6564506f737473223b693a31333b733a31353a227363616e6e6564436f6d6d656e7473223b693a303b733a31323a227363616e6e656446696c6573223b693a31333230303b733a31343a227363616e6e6564506c7567696e73223b693a32333b733a31333a227363616e6e65645468656d6573223b693a353b733a31323a227363616e6e65645573657273223b693a353b733a31313a227363616e6e656455524c73223b693a303b733a31303a226c617374557064617465223b693a313731303732333636303b7d, 'yes');
INSERT INTO `rs_wfconfig` (`name`, `val`, `autoload`) VALUES
('malwarePrefixes', 0x[encoded data, 458046 characters], 'no');
